3656. Let l = 1516 - t. List the prime factors of l.
2, 3, 13
Let p(t) = 3*t**2 - 9*t - 28. Let s(w) = 2*w**2 + 17*w - 7. Let i be s(-9). Suppose 5*r = 5*u - 5, -r = -5*u - i*r - 25. List the prime factors of p(u).
2, 7
Let s(m) = -1715*m + 3892. What are the prime factors of s(-6)?
2, 7, 1013
Let d be (3576/(-15) - -6)*-5. Let h = -611 + d. What are the prime factors of h?
19, 29
Let w = 87 + 1741. Suppose 0 = -2*l + a + w, 2*a - 3664 = 5*l - 9*l. List the prime factors of l.
3, 5, 61
Let s = -185 - -380. Suppose -5*y - s = 7*a - 2*a, a = 3*y - 43. Let n = a + 100. List the prime factors of n.
2, 3, 5
What are the prime factors of ((-6)/60)/((-6)/(-12)) - (-1240332)/60?
2, 17, 19
Suppose -20*z = 7*z - 4131. Let f = z - -732. What are the prime factors of f?
3, 5, 59
Suppose -5*y + 9693 = 2*b - 19332, -4*y + 2*b = -23220. What are the prime factors of y?
3, 5, 43
Suppose -2*x = 2*a - 4, 5*x + 4*a + 19 = 10*x. Suppose 0 = u - x*h - 412, u + 5*h - 1278 = -2*u. What are the prime factors of u?
421
Suppose 65*q + 7009 = -112*q + 696778. List the prime factors of q.
3, 433
Suppose -j - p = -4414, 3*p + 8848 = -73*j + 75*j. What are the prime factors of j?
2, 47
Suppose 10*m - 14*m = -56. Let g(s) = s**3 - 13*s**2 - 16*s + 32. Let i be g(m). Suppose 0 = i*l - l - v - 17, -4*l + 3*v + 26 = 0. List the prime factors of l.
5
Let f(o) be the second derivative of -o**4/12 + 13*o**3/3 + 19*o**2/2 + 51*o. What are the prime factors of f(10)?
179
Suppose -3*h = -1085 - 1255. Let j = -471 + h. List the prime factors of j.
3, 103
Let t(x) = 127*x**3 + 15*x**2 - 20*x - 82. What are the prime factors of t(7)?
2, 22037
Suppose -3*h = 4*f - 3841, -3*h + 1242 = 3*f - 1641. Suppose 0 = -4*s - 3*o + 1904, -o = 2*s + 2*o - f. List the prime factors of s.
11, 43
Let j(n) = 8*n**3 - 5*n + 5. Let s(v) = v**2 + 28*v + 3. Let y be s(-28). List the prime factors of j(y).
2, 103
Suppose -5*s = 0, 2530*s - 25978 = -2*b + 2529*s. List the prime factors of b.
31, 419
Let r = -124 + 317. Let z = -368 + 237. Let o = r + z. List the prime factors of o.
2, 31
List the prime factors of (4/6 + 0)/(220/2919840).
2, 7, 79
Suppose 0 = -13*q + 7*q. Let m(d) = 24*d + 3 - 3*d**2 - 18*d - d**3 + q*d**2. List the prime factors of m(-5).
23
List the prime factors of 19/((-152)/(-106800)) + -5 + -1.
2, 3, 139
Let m(t) = 5*t + 22 + 2 - 3*t + 7*t. Let p = 18 - 11. What are the prime factors of m(p)?
3, 29
Let j = 73 - 80. Let p(h) = 3*h**2 - 9*h - 81. What are the prime factors of p(j)?
3, 43
Suppose -2373 = -2*a + 6079 + 648. List the prime factors of a.
2, 5, 7, 13
Let h = -947 + -1021. Let g be (2 - 7)*h/40. Let s = 389 - g. List the prime factors of s.
11, 13
Let w(x) = -x**2 - 3*x + 60. Let d(z) = -2*z**2 - 4*z + 60. Let j(i) = -2*d(i) + 3*w(i). What are the prime factors of j(0)?
2, 3, 5
Let f(k) = k**2 - 7*k + 5. Suppose -t + 10*t - 63 = 0. Let b be f(t). Suppose 0 = -5*y + 4*q + 214, -b*q + 18 + 19 = y. List the prime factors of y.
2, 3, 7
Suppose -48 = -7*l - 5*l. Suppose -l*b + 5049 = 3*z, 1291 = b - 6*z + z. What are the prime factors of b?
2, 3, 211
Suppose 2*n - 11909 = 10*o - 5*o, o = -3*n + 17872. Suppose 339 = 8*t - n. What are the prime factors of t?
787
Let x = 16544 - 11768. List the prime factors of x.
2, 3, 199
Suppose -5*j = 5*k - 45, -32 + 4 = -2*k - 4*j. Suppose -k*s + 48 = -8. Suppose -7*x = -s*x + 805. What are the prime factors of x?
5, 23
Let z(n) = -n**2 - 10*n - 4. Let c be z(-9). Let o be (-4 + c + -1)/(-2). Suppose -5*q + 2*p - 3*p + 353 = 0, o = -q - 4*p + 82. List the prime factors of q.
2, 5, 7
List the prime factors of -23 + 7 - (-83276 - 5).
3, 5, 7, 13, 61
List the prime factors of -7 + 491777/39 - (-21)/9.
5, 2521
List the prime factors of 130/(-156) + 184835/6.
5, 61, 101
Suppose 235*p = 232*p + 5*l + 27860, 0 = 2*p - l - 18564. List the prime factors of p.
2, 5, 29
Suppose 90*o = 93*o - 4*p - 18617, 0 = 4*o + 4*p - 24832. List the prime factors of o.
3, 2069
Let i(o) = 18357*o + 1840. List the prime factors of i(2).
2, 37, 521
Suppose 0 = -4*a + 5*u + 46, 5*a + 552*u = 551*u + 72. Let o = 23 - 12. Suppose a*g - o = 157. List the prime factors of g.
2, 3
Suppose 37 = -2*h + c + 141, 158 = 3*h - 2*c. Suppose -h*i = -38*i - 5724. List the prime factors of i.
3, 53
Let d(a) = 37*a**3 - 11*a**2 + 30*a + 1. List the prime factors of d(5).
7, 643
Suppose 28*z - 30*z - 286 = 0. Let j be (-20 - 0)/(22/z). Let x = j - 22. List the prime factors of x.
2, 3
Let p(u) = -8*u + 43. Suppose 98*i + 28 = 96*i. Let v be (-60)/i + 2/(-7) + -16. List the prime factors of p(v).
139
Let k = -164 - -61. Let s = k - -839. What are the prime factors of s?
2, 23
What are the prime factors of 4*46/3*(-208464)/(-688)?
2, 23, 101
Let l(o) = -246 - 51*o + 35*o - 9*o + 109*o. What are the prime factors of l(18)?
2, 3, 211
Suppose -3*t + 9 = -33. Suppose 3*c + g - 14 = 3*g, 4*c = -2*g + t. Suppose -45 = -c*m + 7. What are the prime factors of m?
13
What are the prime factors of 122655/119 - 16/(-56)?
1031
Let m = -23 + 24. Let k(h) = 5*h**2 + 3*h - 1. Let f be k(m). Suppose f*g - 359 - 222 = 0. List the prime factors of g.
83
Suppose 5*y - 4*d - 42 = 0, 0 = -y + d + 5 + 4. Let l = 227 + 373. Suppose -w = -5*r + 721, -4*r - y*w = -w - l. What are the prime factors of r?
5, 29
Let t be (3/(-6))/(3/6). Let h(i) = -3*i**3 - 120*i**2 + 4*i + 158. Let l be h(-40). What are the prime factors of (l - 21/(-1)) + t + 0?
2, 3
Let s(v) = v**3 + 7*v**2 + 8. Let z be s(-7). Let x(l) = -16*l + 167*l**3 - 7 + 13*l**2 + 1 - 3 + 0 - 168*l**3. List the prime factors of x(z).
3, 61
Suppose 7*n + 27 - 13 = 0. List the prime factors of ((3890/15)/n)/(1/(-3)).
389
Let q(a) = 697*a + 119. List the prime factors of q(7).
2, 3, 7, 17
Let l = -34488 - -50882. What are the prime factors of l?
2, 7, 1171
List the prime factors of ((-3078)/855)/((-9046)/54240 - 2/(-12)).
2, 3, 113
Let j be 8/(4/31616*8). Suppose -35*i + 27*i = -j. What are the prime factors of i?
2, 13, 19
Let p(v) = 4*v - 35. Let h be p(11). Suppose 0 = -h*a + 14*a + 285. Let t = 80 + a. What are the prime factors of t?
23
Suppose i = -g + 4694, -i - 12225 = -3*g + 1873. List the prime factors of g.
2, 3, 29
Let y = 36 + -33. Suppose -y*d + 0*d = -2043. List the prime factors of d.
3, 227
Let r(t) = -13*t**2 + 23*t + 150. Let j be r(-5). List the prime factors of j/87*48/(-5).
2
Let g(f) = 2*f + 3950. Let c be g(0). Suppose 25*n - 5525 = c. List the prime factors of n.
379
Let r = 526 - 304. Suppose 0 = k - p - r, -127 = -k - 3*p + 111. What are the prime factors of k?
2, 113
Let l(w) = w**3 + 2*w**2 + w - 2. Let h be l(-2). Let u be -4 - 1/(1/h). Suppose -2*q = -u*d + 3*d - 143, -5*d - 15 = 0. What are the prime factors of q?
2, 19
Let y = -85 + 115. Suppose y*r - 35*r + 20 = 0. Suppose -r*l + 5*l = 3, 2*a + 3*l = 397. List the prime factors of a.
2, 97
Let m = 2416 - 1476. Suppose 13*v - 1114 = m. List the prime factors of v.
2, 79
Suppose 10*p - 32782 = -1451 - 3331. List the prime factors of p.
2, 5, 7
Let t(h) = -h**3 + 34*h**2 + 3*h - 10. Suppose 12*y - 7*y - 170 = 0. Let f be t(y). Let c = f + -3. List the prime factors of c.
89
Suppose 2*p = 4*z + 10, 5*z + 9 - 1 = p. What are the prime factors of (-8 - 13/z)*218/10?
109
Let h = -9661 - -14384. List the prime factors of h.
4723
Suppose -5*u = -2*c - 17, -4*u + 6 = 2*c - 4. List the prime factors of u + -5 - ((5 - 8) + -489).
2, 5, 7
List the prime factors of 5 + (-4804650)/(-216) + 1/(1 - -3).
19, 1171
Suppose 29*x - 25*x = 68. Let y = x - 17. List the prime factors of 1 + y - 30/(-1).
31
Suppose -3*y + 37 - 40 = 0, 4*o + 2*y - 12114 = 0. What are the prime factors of o?
13, 233
Suppose -4*h - 9*h + 52 = 0. Suppose 0 = -5*x + 3*z + 4063, -h*x = -3*x + 5*z - 807. What are the prime factors of x?
2, 7, 29
Let x(y) = -y**3 + 13*y**2 - 21*y + 24. Let f be x(-12). Suppose 35*v - f = 16*v. What are the prime factors of v?
2, 3, 17
Let o(r) = -r**3 - r**2 + r + 2. Let t be o(0). Let l be (-4*(-1)/(-2))/(4/(-10)). Suppose -l*f = -t*f + 3*h - 192, f = -3*h + 60. List the prime factors of f.
2, 3, 11
Suppose -v + 2*j + 16 = 0, 8 - 28 = -2*v + j. Let z be 21/(-28) - (-1262)/v. Suppose -5*h + 4*o = -2*h - 224, 2*h = -5*o + z. What are the prime factors of h?
2, 19
Suppose 0 = l - 2*y + 63, 52*l - 